s of 2835?
3, 5, 7
What are the prime factors of 3540?
2, 3, 5, 59
List the prime factors of 2792.
2, 349
What are the prime factors of 64671?
3, 21557
List the prime factors of 1501.
19, 79
What are the prime factors of 648?
2, 3
What are the prime factors of 58005?
3, 5, 1289
List the prime factors of 864.
2, 3
What are the prime factors of 567?
3, 7
List the prime factors of 18011.
7, 31, 83
What are the prime factors of 1088?
2, 17
What are the prime factors of 36260?
2, 5, 7, 37
List the prime factors of 1441.
11, 131
What are the prime factors of 332?
2, 83
What are the prime factors of 7969?
13, 613
What are the prime factors of 4783?
4783
List the prime factors of 5202.
2, 3, 17
List the prime factors of 5811.
3, 13, 149
What are the prime factors of 5459?
53, 103
What are the prime factors of 736?
2, 23
List the prime factors of 6810.
2, 3, 5, 227
List the prime factors of 3299.
3299
List the prime factors of 1528.
2, 191
What are the prime factors of 65715?
3, 5, 13, 337
What are the prime factors of 5029?
47, 107
What are the prime factors of 25676?
2, 7, 131
List the prime factors of 48997.
13, 3769
List the prime factors of 82470.
2, 3, 5, 2749
List the prime factors of 297.
3, 11
List the prime factors of 388.
2, 97
List the prime factors of 7266.
2, 3, 7, 173
List the prime factors of 39484.
2, 9871
What are the prime factors of 391?
17, 23
What are the prime factors of 2241?
3, 83
What are the prime factors of 35952?
2, 3, 7, 107
What are the prime factors of 10817?
29, 373
List the prime factors of 100177.
7, 11, 1301
What are the prime factors of 36750?
2, 3, 5, 7
What are the prime factors of 606?
2, 3, 101
List the prime factors of 51.
3, 17
List the prime factors of 2142.
2, 3, 7, 17
List the prime factors of 1914.
2, 3, 11, 29
List the prime factors of 13679.
13679
What are the prime factors of 1212?
2, 3, 101
List the prime factors of 21519.
3, 797
What are the prime factors of 84126?
2, 3, 7, 2003
List the prime factors of 5946.
2, 3, 991
What are the prime factors of 9209?
9209
What are the prime factors of 8652?
2, 3, 7, 103
List the prime factors of 1288.
2, 7, 23
List the prime factors of 825.
3, 5, 11
What are the prime factors of 4116?
2, 3, 7
What are the prime factors of 2517?
3, 839
List the prime factors of 8017.
8017
List the prime factors of 720.
2, 3, 5
List the prime factors of 3530.
2, 5, 353
What are the prime factors of 970?
2, 5, 97
What are the prime factors of 11532?
2, 3, 31
List the prime factors of 57823.
53, 1091
What are the prime factors of 15890?
2, 5, 7, 227
What are the prime factors of 160225?
5, 13, 17, 29
List the prime factors of 1578.
2, 3, 263
List the prime factors of 8159.
41, 199
What are the prime factors of 24602?
2, 12301
List the prime factors of 136672.
2, 4271
List the prime factors of 11180.
2, 5, 13, 43
List the prime factors of 16180.
2, 5, 809
What are the prime factors of 10024?
2, 7, 179
List the prime factors of 374.
2, 11, 17
What are the prime factors of 18495?
3, 5, 137
List the prime factors of 13058.
2, 6529
List the prime factors of 63334.
2, 31667
List the prime factors of 40334.
2, 7, 43, 67
List the prime factors of 86098.
2, 43049
List the prime factors of 5405.
5, 23, 47
List the prime factors of 685.
5, 137
List the prime factors of 31932.
2, 3, 887
List the prime factors of 37437.
3, 12479
What are the prime factors of 414?
2, 3, 23
List the prime factors of 1717.
17, 101
List the prime factors of 3237.
3, 13, 83
What are the prime factors of 3958?
2, 1979
List the prime factors of 32358.
2, 3, 5393
List the prime factors of 4842.
2, 3, 269
List the prime factors of 158927.
158927
List the prime factors of 3059.
7, 19, 23
List the prime factors of 44979.
3, 11, 29, 47
List the prime factors of 998.
2, 499
List the prime factors of 54859.
7, 17, 461
What are the prime factors of 1559?
1559
List the prime factors of 38423.
7, 11, 499
What are the prime factors of 4044?
2, 3, 337
What are the prime factors of 3070?
2, 5, 307
List the prime factors of 86760.
2, 3, 5, 241
List the prime factors of 2371.
2371
What are the prime factors of 26420?
2, 5, 1321
What are the prime factors of 146?
2, 73
What are the prime factors of 931?
7, 19
List the prime factors of 114758.
2, 7, 1171
List the prime factors of 11957.
11, 1087
What are the prime factors of 1621?
1621
List the prime factors of 1586.
2, 13, 61
What are the prime factors of 7252?
2, 7, 37
List the prime factors of 45032.
2, 13, 433
List the prime factors of 7093.
41, 173
What are the prime factors of 2269?
2269
List the prime factors of 21230.
2, 5, 11, 193
What are the prime factors of 26354?
2, 13177
What are the prime factors of 4993?
4993
What are the prime factors of 39277?
7, 31, 181
List the prime factors of 158173.
61, 2593
What are the prime factors of 3699?
3, 137
List the prime factors of 858.
2, 3, 11, 13
What are the prime factors of 2618?
2, 7, 11, 17
List the prime factors of 16374.
2, 3, 2729
What are the prime factors of 34543?
34543
List the prime factors of 6669.
3, 13, 19
What are the prime factors of 2767?
2767
What are the prime factors of 1972?
2, 17, 29
What are the prime factors of 24828?
2, 3, 2069
What are the prime factors of 1863?
3, 23
List the prime factors of 689.
13, 53
What are the prime factors of 13632?
2, 3, 71
What are the prime factors of 775?
5, 31
List the prime factors of 412.
2, 103
List the prime factors of 1007.
19, 53
List the prime factors of 37748.
2, 9437
What are the prime factors of 13314?
2, 3, 7, 317
What are the prime factors of 30692?
2, 7673
List the prime factors of 20453.
113, 181
What are the prime factors of 1144?
2, 11, 13
List the prime factors of 1131.
3, 13, 29
What are the prime factors of 3388?
2, 7, 11
List the prime factors of 2930.
2, 5, 293
What are the prime factors of 703?
19, 37
What are the prime factors of 6022?
2, 3011
List the prime factors of 388.
2, 97
What are the prime factors of 66013?
251, 263
List the prime factors of 146237.
7, 13, 1607
What are the prime factors of 1277?
1277
List the prime factors of 38546.
2, 19273
What are the prime factors of 1676?
2, 419
List the prime factors of 23475.
3, 5, 313
List the prime factors of 1816.
2, 227
List the prime factors of 61933.
61933
List the prime factors of 8253.
3, 7, 131
List the prime factors of 2247.
3, 7, 107
What are the prime factors of 3252?
2, 3, 271
List the prime factors of 12964.
2, 7, 463
What are the prime factors of 323?
17, 19
What are the prime factors of 50336?
2, 11, 13
List the prime factors of 392.
2, 7
What are the prime factors of 2538?
2, 3, 47
List the prime factors of 2284.
2, 571
List the prime factors of 2147.
19, 113
What are the prime factors of 12464?
2, 19, 41
What are the prime factors of 41286?
2, 3, 7, 983
List the prime factors of 2258.
2, 1129
What are the prime factors of 5783?
5783
List the prime factors of 23018.
2, 17, 677
List the prime factors of 2657.
2657
List the prime factors of 1461.
3, 487
What are the prime factors of 700?
2, 5, 7
What are the prime factors of 4550?
2, 5, 7, 13
What are the prime factors of 1084?
2, 271
List the prime factors of 505.
5, 101
List the prime factors of 43582.
2, 7, 11, 283
List the prime factors of 12689.
12689
List the prime factors of 3864.
2, 3, 7, 23
List the prime factors of 1491.
3, 7, 71
What are the prime factors of 7905?
3, 5, 17, 31
What are the prime factors of 375?
3, 5
List the prime factors of 12062.
2, 37, 163
List the prime factors of 86106.
2, 3, 113, 127
What are the prime factors of 1404?
2, 3, 13
List the prime factors of 531.
3, 59
List the prime factors of 1252.
2, 313
List the prime factors of 41879.
41879
What are the prime factors of 9331?
7, 31, 43
What are the prime factors of 2936?
2, 367
List the prime factors of 80.
2, 5
List the prime factors of 2394.
2, 3, 7, 19
List the prime factors of 2632.
2, 7, 47
What are the prime factors of 65636?
2, 61, 269
List the prime factors of 24438.
2, 3, 4073
What are the prime factors of 17213?
7, 2459
What are the prime factors of 9470?
2, 5, 947
What are the prime factors of 3852?
2, 3, 107
What are the prime factors of 82806?
2, 3, 37, 373
What are the prime factors of 3030?
2, 3, 5, 101
What are the prime factors of 839